ors of n.
2, 3
Let p be (-43)/(-2) + 3/6. Suppose 5*b + 2*x - p = -3, -20 = -4*b - 4*x. Suppose 2*o - 10 = 0, 4*c - 6*c - b*o = -55. What are the prime factors of c?
2, 5
Let f be 6/15 + (-126)/(-10). Suppose 3*u - f = 32. List the prime factors of u.
3, 5
Let d(r) = r + 2. Let i be d(0). Let j = 4 - i. What are the prime factors of j/(-3) - 40/(-6)?
2, 3
Suppose 4 = -2*r + 3*r. List the prime factors of (r/(-3))/((-5)/75).
2, 5
Suppose -5*i + 29 = 4*f, -f - 3*i = f - 15. Suppose -8 = -6*z + 2*z. Suppose z*c + f = 32. What are the prime factors of c?
13
Let v(o) = -o**3 + 13*o**2 - 12*o + 13. Let p be 21 + (-3 - -3) - 1. Let s = -8 + p. List the prime factors of v(s).
13
Let t(x) = -1 + 1 - 1 + 7*x. Let p be t(4). Suppose o - v - 9 = -2*v, 3*o + 4*v = p. What are the prime factors of o?
3
Let k(q) = -2*q**3 - q**2. Let r be k(2). List the prime factors of 18/10 + (-4)/r.
2
Let o(m) be the third derivative of -m**6/120 + m**5/20 - m**4/24 - 2*m**2. Let u be o(2). Let s(j) = 2*j. What are the prime factors of s(u)?
2
Let v(p) = -6*p**3 - p**2 - 5*p - 9. Let z(q) = 7*q**3 + 2*q**2 + 6*q + 10. Let w(y) = -6*v(y) - 5*z(y). What are the prime factors of w(4)?
2
Let x(g) = -g**3 + 6*g**2 + 2*g - 8. Let p be x(6). Suppose l + 25 = -p*l. List the prime factors of (9/(-5))/(1/l).
3
Let k(c) = 3*c - 3. Let v be (-4)/18 + (-20)/(-9). Let t be k(v). Suppose t*n + 2*n = 20. What are the prime factors of n?
2
Let h(a) = -a**3 - 3*a**2 + 6*a - 2. Let n be h(-5). Suppose n = -5*z - 2. List the prime factors of (-1*1)/(2/z).
2
Suppose 4*n = -6 + 30. What are the prime factors of n?
2, 3
Let g(n) = -2*n + 8. List the prime factors of g(-3).
2, 7
Suppose -v = -3*v - a - 5, -3*v + 5*a + 12 = 0. Let h be (-2)/v + 56/4. Let j = h - 9. What are the prime factors of j?
7
Suppose -n - 2*n = 72. What are the prime factors of (-4)/(n/9)*6?
3
Let c(v) = -2*v**3 + 3*v**2 + 2*v - 1. Let u be c(3). Let n = -12 - u. What are the prime factors of n?
2, 5
Let f(i) = 4*i + 4. Let z(r) = 4*r + 5. Let d(h) = -4*f(h) + 3*z(h). Let a = -95 + 90. What are the prime factors of d(a)?
19
Let s(b) = 8 + b**2 + 0*b**2 - b - 2*b. What are the prime factors of s(6)?
2, 13
Let d(i) = 5*i + 10. Let w be d(10). Suppose -5*g = -65 - w. List the prime factors of g.
5
Let f = -110 - -259. List the prime factors of f.
149
Let o = -8 - -15. List the prime factors of 45/18*(o + 1).
2, 5
Suppose -i + 2*c - 5 = -3, -3*i + 2*c + 6 = 0. Suppose -k - i*k + 15 = 0. Let o = 9 - k. What are the prime factors of o?
2, 3
Let b = 5 - 2. Suppose b*q - i + 19 = 8*q, i - 10 = -2*q. What are the prime factors of q*1 - (5 - 4)?
2
Suppose -5*d + 112 = -143. Suppose -3*o - m + 64 = 9, -3*o = -3*m - d. List the prime factors of o.
2, 3
Let h(g) = g**3 - 4*g**2 + 7*g + 6. List the prime factors of h(6).
2, 3, 5
Let j(q) = 7*q**3 + 7*q**2 + 2*q + 11. Let h(g) = 6*g**3 + 7*g**2 + 2*g + 10. Let z(i) = -6*h(i) + 5*j(i). List the prime factors of z(-7).
3
Suppose 3*a - 2 = 2*u, -2 = 3*a + u - 10. List the prime factors of a.
2
Suppose y + q - 3*q = 0, -5 = -2*y - q. Suppose y*w - 2*s - 23 = s, -5*w + 5*s = -45. List the prime factors of w.
2
List the prime factors of 540/8 - (-1)/2.
2, 17
Let h(x) = x**2 - 7*x - 6. Let l be h(8). Let c be l*(-1 + (-6)/(-3)). Let n = 0 + c. List the prime factors of n.
2
Suppose 17*m = 20*m - 660. List the prime factors of m.
2, 5, 11
Let k be ((-10)/3)/((-2)/3). Let a = k + 4. What are the prime factors of a?
3
Let z(f) = -f**2 + 8*f. Let m be z(6). Suppose -3*t = 5*w - 9, 0 = -2*w + 2*t + t + m. Suppose w*n = 2 + 16. What are the prime factors of n?
2, 3
Let y be (4 - 6)/(1/(-2)). Let x(w) = w**2 + w - 4. List the prime factors of x(y).
2
Suppose 0 = -0*v + v - 4. Suppose -g + v*g = 6. What are the prime factors of g?
2
Suppose -5*w = 2*n - 107, -2*w - 2*w + 83 = -n. What are the prime factors of w?
3, 7
Let z = -14 + 27. Let u = -25 + z. List the prime factors of u/7*(-4 - 3).
2, 3
Let v = 9 - 19. Let r = -3 - v. What are the prime factors of r?
7
Suppose 2*s + 8 = -2*o, -10 = -5*s + 2*o - o. Let j(f) = -5*f + 3*f + 5*f + s. What are the prime factors of j(2)?
7
Let x = -16 - -11. Let t = 0 - x. List the prime factors of t.
5
Suppose -a + 0*a + 21 = 0. Suppose 3*w = -a + 63. List the prime factors of w.
2, 7
List the prime factors of 52/39*657/4.
3, 73
Let f = 14 + -11. Suppose f*l - 96 = -l. List the prime factors of l.
2, 3
Let b = -2 + 2. Suppose 4*t - 20 = -b*t. Let r = 10 - t. What are the prime factors of r?
5
Let z(k) = k - 7*k + 2*k + 0*k. Let c(y) = -y**2 - 2*y - 1. Let w be c(-2). What are the prime factors of z(w)?
2
List the prime factors of (-42)/(-28)*5/(-3)*-46.
5, 23
Let z(t) = -t**2 + 2*t + 3. Let y be z(-3). Suppose -3*o - 1 - 3 = -4*b, 0 = 3*o + 4*b - 4. Let m = o - y. What are the prime factors of m?
2, 3
Suppose 21 = 3*u + 3*o, -2*u - u - 5*o = -13. Let y(v) = v**2 - 10*v + 13. What are the prime factors of y(u)?
2, 3
What are the prime factors of 14/(-4)*(2 + -4)?
7
Suppose -v - 1 = -54. List the prime factors of v.
53
Let i(d) = d**3 + 5*d**2 - 6*d + 3. Let v be i(-6). Suppose -w = v*w - 92. Suppose -4*n - 2*s + w = -5*s, -2*n + 5 = 5*s. What are the prime factors of n?
5
Suppose 2*p = -3 - 3. Let t be (p + 4)/((-1)/(-3)). Suppose -u = -t*u + 16. List the prime factors of u.
2
Let d(z) = z + 8. Let j be (-3)/(-15) + 34/5. Let w be d(j). Let q = -8 + w. List the prime factors of q.
7
Let t = -4 + 0. Let g(l) = -2*l**3 - 7*l**2 - 5*l - 2. What are the prime factors of g(t)?
2, 17
Let c be (-126)/3 + -4 + 2. Let k = c + 87. What are the prime factors of k?
43
Suppose -4*q + 3*v = -3*q + 3, 9 = 3*q - 3*v. Suppose -3*s = q, 10 = 3*b - 2*s - 27. List the prime factors of b.
11
Let a(x) = -20*x - 10. List the prime factors of a(-2).
2, 3, 5
Let i(k) = k**3 + 7*k**2 - k + 1. Let w = -10 - -3. List the prime factors of i(w).
2
Let o be -2 + (5 - 3) - -5. Suppose 0 = -4*l + 5*q - 6 + 31, -o*l + 29 = -4*q. What are the prime factors of l?
5
Suppose 0*k + 34 = -k - 2*i, -k + 5*i = 20. List the prime factors of (-128)/(-6) - k/45.
2, 11
Suppose 4*x + 5*t = 199, -3*t + 5 + 94 = 2*x. List the prime factors of x.
3, 17
Let s = -12 - -31. Let r = 8 - s. Let a = r + 19. List the prime factors of a.
2
Let t(w) = 5*w - 48. List the prime factors of t(25).
7, 11
Suppose -5*t + 2*j = -63, 2*t + 2*j - 9 = 5. What are the prime factors of t?
11
Let f(h) = h**2 - 4*h + 1. Let d(l) = 3*l**2 - 7*l + 2. Let z(b) = -2*d(b) + 5*f(b). Let i be z(-3). Suppose 3*o + 2*o = i. What are the prime factors of o?
2
Let k = 4 - 3. Let i be (-9)/(-3) + -1 + k. Suppose -2*j + 4*u = -23 + i, 4*j - 34 = 5*u. List the prime factors of j.
2, 3
Let d = 40 + -12. List the prime factors of (-16)/d*(-14)/4.
2
Let q(f) = -5*f - 5. What are the prime factors of q(-6)?
5
Let i(f) = -2*f - 4 + 1 + 4*f + 0. What are the prime factors of i(5)?
7
Suppose 4*z - 35 = -0*z - 3*o, 2*z = 5*o - 15. What are the prime factors of (-2)/(-1) - z - -10?
7
Suppose -47 = -2*r + 9. What are the prime factors of r?
2, 7
Let o be (-10)/3*96/(-16). Suppose -3*w = -5*x - 68, 2*w + 4*x + 4 = o. List the prime factors of w.
2
Let s be 1 + 2 + (-1 - -2). Suppose 0 = -3*a + s*x + 2 - 0, -a - 2*x = -4. List the prime factors of ((-1)/a)/((-1)/14).
7
Let i be (-2)/(-4) - 133/2. Let b = -46 - i. Suppose 2*o = -0*o + b. List the prime factors of o.
2, 5
Suppose 5*o = 2*m - 6*m + 40, 3*o = -m + 17. Suppose 2*v + 2 = 2*j + v, -3*v - 12 = 0. List the prime factors of ((-32)/20)/(j/m).
2
Let q(y) = y**2 - 5*y - 5. Let j be q(5). Suppose 5*z = l - 25, 0 = -6*l + l + 25. What are the prime factors of j/(-20) + (-39)/z?
2, 5
Let x(q) = -q - 7. Let c be x(-9). Suppose -c = -5*t + 3. What are the prime factors of 87/6 + t/(-2)?
2, 7
Let v(z) = -z**3 - 6*z**2 - 6*z + 6. What are the prime factors of v(-5)?
11
Let f = -1 - -1. Suppose -4*d - j = -17, 5*j + f*j - 13 = 4*d. List the prime factors of 2 + 6/2 - d.
2
Let n = 186 - 80. What are the prime factors of n?
2, 53
Let c(m) = m**2 - 6*m + 5. Let g be c(4). What are the prime factors of (2 - g)*3*1?
3, 5
Let h(v) = -v - 7. Let m be h(-6). What are the prime factors of ((6 - 1)*-3)/m?
3, 5
Suppose 0 = 7*w - 1369 - 794. List the prime factors of w.
3, 103
Suppose 0 = -2*p + 7*p + 30. Let f be 1/((-3)/p)